5
Let g(f) = -17*f**2 - 117*f - 86. What is g(-7)?
-100
Let d(z) = 12*z**2 - 91*z + 58. Determine d(4).
-114
Let a(y) = 39*y**2 + 8280*y + 8243. What is a(-1)?
2
Let w(o) = -1089*o**3 - 36*o**2 + 36*o - 5. Calculate w(1).
-1094
Let x(s) = 7*s**3 + 3*s**2 - 12947*s - 25896. What is x(-2)?
-46
Let q(a) = 229*a - 41772. Give q(186).
822
Let w(b) = -b**2 - 1799*b + 16305. Determine w(9).
33
Let p(d) = 645*d + 38802. Calculate p(-59).
747
Let l(a) = 71663*a + 1361602. What is l(-19)?
5
Let w(y) = -74*y - 6926. Give w(-137).
3212
Let a(s) = -5133183*s - 10266365. What is a(-2)?
1
Let u(b) = -5*b**2 - 280*b - 45. What is u(-51)?
1230
Let m(n) = n**3 + 32*n**2 + 186*n + 15. What is m(-23)?
498
Let z(d) = d**3 - 5*d**2 - 1775*d - 15243. Calculate z(-34).
23
Let f(h) = 61*h - 708. Give f(12).
24
Let t(v) = -v**2 - 211*v - 4351. Give t(-28).
773
Let m(a) = -9073*a + 362641. Determine m(40).
-279
Let r(n) = 22359*n - 268334. Calculate r(12).
-26
Let u(h) = -h**2 + 11*h + 1176. What is u(-29)?
16
Let u(c) = 2*c**3 + 96*c**2 - 3*c + 56. What is u(0)?
56
Let l(z) = z**2 - 60*z - 1090. Give l(67).
-621
Let q(m) = 89*m**3 + m**2 - 495*m - 496. Calculate q(-1).
-89
Let t(j) = -12*j**3 - 35*j**2 - 22*j - 10. What is t(-3)?
65
Let l(g) = -2*g**3 - 196*g**2 + 12093*g + 1185119. What is l(-98)?
5
Let g(c) = -4*c**2 - 408*c - 7753. Give g(-77).
-53
Let f(g) = 10898*g - 174614. Give f(16).
-246
Let d(t) = t**2 + 89*t + 780. Determine d(-56).
-1068
Let j(d) = d**2 + 381*d + 8927. Determine j(-356).
27
Let t(k) = -k**3 - 23*k**2 - 20*k + 239. What is t(-24)?
1295
Let b(f) = 5*f**2 + 87*f + 169. What is b(-2)?
15
Let r(w) = -1682*w - 6731. Determine r(-4).
-3
Let g(j) = 75661*j - 4917967. Determine g(65).
-2
Let v(t) = -146825*t - 1174599. Determine v(-8).
1
Let i(s) = 1104*s**2 + 3367*s + 167. Give i(-3).
2
Let u(f) = 47512*f + 190035. Determine u(-4).
-13
Let r(a) = 17*a**2 + 1177*a + 3529. Calculate r(-3).
151
Let c(o) = 822*o - 4855. Determine c(6).
77
Let c(y) = -63011*y + 8821579. What is c(140)?
39
Let s(o) = o**2 + 130*o - 5403. Determine s(34).
173
Let t(f) = -253*f + 919. Determine t(4).
-93
Let o(t) = t**3 + 81*t**2 + 1163*t + 504. Determine o(-18).
-18
Let b(p) = 42*p**2 - 27*p - 130. Give b(6).
1220
Let h(o) = -19*o**3 + 785*o**2 - 248*o + 107. Calculate h(41).
25
Let r(d) = 9*d**3 - 9*d**2 + d + 6. Determine r(5).
911
Let q(y) = y**3 - 431*y**2 - 4807*y + 46. Calculate q(-11).
-559
Let q(c) = c**3 + 63*c**2 - 741*c + 828. Determine q(9).
-9
Let a(h) = 2*h**3 - 74*h**2 + 55*h + 196. What is a(37)?
2231
Let s(b) = 1257*b**2 + 13811*b - 172. Calculate s(-11).
4
Let g(z) = 2943*z - 9232. Give g(3).
-403
Let g(w) = 2192*w - 425234. Give g(194).
14
Let o(q) = 3*q**3 + 33*q**2 + 27*q + 313. Give o(-11).
16
Let i(z) = -z**3 + 165*z**2 + 162*z - 1581. Give i(166).
-2245
Let v(f) = -12*f**3 - 560*f**2 - 378*f - 469. What is v(-46)?
-9
Let g(h) = h**3 - 1868*h**2 + 55137*h + 16. Calculate g(30).
-74
Let f(k) = -73*k**2 - 455*k - 10. Calculate f(-6).
92
Let z(u) = 31*u**2 + 10145*u - 28053. Give z(-330).
-3
Let d(q) = -5*q**2 - 342*q - 3812. Give d(-14).
-4
Let h(r) = -r**3 - 7*r**2 + 724*r - 4361. Determine h(19).
9
Let r(k) = 2*k**2 + 115*k - 3404. Determine r(22).
94
Let b(f) = 2*f**2 - 205*f - 1505. Determine b(-7).
28
Let i(q) = 8861*q + 425375. Determine i(-48).
47
Let u(i) = -8563*i + 171475. What is u(20)?
215
Let t(l) = -26*l**2 + 9380*l + 21065. What is t(363)?
11
Let u(g) = -18*g**3 + 1385*g**2 + 81*g - 308. Determine u(77).
0
Let l(m) = 4*m**2 + 535*m - 19559. Give l(30).
91
Let f(s) = -69*s - 6315. What is f(-88)?
-243
Let t(h) = -394*h**2 - 22458*h + 21. Determine t(-57).
21
Let q(g) = -34*g**2 + 168*g - 87. Determine q(3).
111
Let x(s) = 109*s**2 + 3357*s - 795. Determine x(-31).
-113
Let s(z) = 270165*z + 1621013. Give s(-6).
23
Let q(u) = u**3 + 182*u**2 - 738*u - 21. Calculate q(4).
3
Let h(f) = -f**2 + 190*f - 4615. Calculate h(28).
-79
Let h(s) = 20*s**2 + 2788*s + 65550. Calculate h(-30).
-90
Let p(s) = 2879*s - 1603595. Calculate p(557).
8
Let q(c) = -10*c**2 - 8221*c + 463806. Calculate q(53).
3
Let z(r) = 2195*r + 17636. What is z(-8)?
76
Let r(u) = 448*u**2 + 25196*u + 6026. Give r(-56).
-22
Let b(c) = -2*c**2 - 409492*c + 1637992. Calculate b(4).
-8
Let w(u) = -5*u**3 + 412*u**2 + 831*u + 10. Give w(-2).
36
Let h(v) = 758*v**3 + 1522*v**2 - 12*v - 48. Calculate h(-2).
0
Let w(o) = -8*o**3 + 15779*o**2 - 31546*o - 18. Calculate w(2).
-58
Let d(g) = g**3 - 13*g**2 - 10870*g + 109000. Give d(10).
0
Let k(m) = -m**3 - 99*m**2 + 173*m + 17163. What is k(-99)?
36
Let w(h) = -140*h**2 - 734*h + 139. Determine w(-6).
-497
Let n(h) = -153*h**2 + 665*h - 666. Give n(1).
-154
Let h(c) = 3860*c + 1065422. What is h(-276)?
62
Let k(g) = 17*g**2 - 811*g + 22. Calculate k(45).
-2048
Let g(i) = -5472*i - 2593724. What is g(-474)?
4
Let o(r) = -r**2 + 36*r - 956. Determine o(31).
-801
Let h(d) = -141*d**3 - 280*d**2 + 1234*d + 2463. Determine h(-2).
3
Let t(c) = -3*c**3 - 51*c**2 + 127*c + 2156. What is t(-17)?
-3
Let z(q) = 4096*q + 937. Calculate z(0).
937
Let o(n) = -532*n**2 + 52459*n - 52460. What is o(1)?
-533
Let y(m) = 2*m**2 - 4066*m - 238267. Calculate y(-57).
-7
Let j(x) = -x**3 + 173*x**2 - 2610*x + 356999. Give j(170).
-1
Let b(i) = 91*i + 1728. Determine b(-19).
-1
Let k(y) = -2*y**3 - 200*y**2 + 202*y + 99. Give k(-101).
99
Let i(c) = c**3 - 39*c**2 - 359*c + 651. Calculate i(-9).
-6
Let u(d) = d**2 + 7099*d + 134476. Determine u(-19).
-44
Let w(p) = -11219*p + 146278. Give w(13).
431
Let u(m) = 4*m**2 - 138503*m - 415539. Calculate u(-3).
6
Let x(g) = -8578*g + 17318981. Calculate x(2019).
-1
Let t(m) = 4888*m + 121155. Calculate t(-25).
-1045
Let u(f) = -1822*f**2 - 5301*f + 376. Determine u(-3).
-119
Let s(z) = -622*z + 32450. Determine s(52).
106
Let a(p) = -p**3 - 108*p**2 + 197*p - 3691. Calculate a(-110).
-1161
Let z(t) = -148*t - 28849. What is z(-195)?
11
Let t(v) = -318299*v + 2546454. Calculate t(8).
62
Let q(v) = -66*v**2 - 728*v + 2178. Calculate q(3).
-600
Let l(c) = -17380*c + 156457. Give l(9).
37
Let x(l) = 129*l - 55729. Give x(432).
-1
Let h(v) = -7*v**2 - 737*v - 488. Calculate h(-110).
-4118
Let b(d) = 2*d**2 - 67*d - 55734. Give b(-151).
-15
Let b(k) = 912*k + 130379. Determine b(-143).
-37
Let b(g) = 14*g**2 - 22*g - 75. What is b(9)?
861
Let u(q) = -q**2 - 331*q - 21993. Give u(-239).
-5
Let n(x) = x**3 - 982*x**2 - 19007*x + 21. What is n(-19)?
-207
Let h(b) = -6779*b - 28039. Determine h(-4).
-923
Let b(v) = 21*v**3 - 2329*v**2 - 222*v + 43. Give b(111).
43
Let k(j) = -j**3 - 1077*j**2 - 720*j + 383063. What is k(-1076)?
7
Let y(k) = k**3 - 11*k**2 + 94*k - 21. Determine y(8).
539
Let x(s) = 5*s**2 + 1348*s - 6050. Determine x(-274).
-22
Let u(r) = 3*r**2 - 12219*r + 231056. Calculate u(19).
-22
Let r(g) = -13*g**2 + 49427*g - 98857. Determine r(2).
-55
Let q(o) = -1650*o - 237595. Give q(-144).
5
Let o(b) = -5529*b + 2272416. Calculate o(411).
-3
Let b(k) = -4328*k - 1739989. What is b(-402)?
-133
Let q(a) = -155*a**3 - 35*a**2 + 30*a - 29. Calculate q(1).
-189
Let f(d) = 186*d + 12462. Give f(-68).
-186
Let n(w) = -973*w - 120701. What is n(-124)?
-49
Let b(v) = -133615*v - 935282. Determine b(-7).
23
Let o(q) = 2*q**3 - 1987*q**2 - 15014*q - 1004. Determine o(1001).
-3
Let x(t) = 9*t**3 + 2*t**2 + 11776*t - 11777. Give x(1).
10
Let s(n) = 38*n**2 - 1014*n + 699. What is s(26)?
23
Let c(l) = -l**3 + 89*l**2 + 278*l + 289. Give c(92).
473
Let p(s) = -5*s**2 + 444*s - 6023. Determine p(17).
80
Let q(v) = v**2 - 5785*v - 151155. What is q(-26)?
-69
Let v(n) = 2086*n + 176. Determine v(0).
176
Let m(w) = 53336*w + 3786855. Calculate m(-71).
-1
Let z(j) = -j**2 + 295*j - 21698. Give z(151).
46
Let j(d) = -17*d**2 - 643*d - 3978. Determine j(-30).
12
Let u(c) = -c**2 - 356*c - 29439. What is u(-131)?
36
Let g(b) = -b**3 - 205*b**2 - 1272*b - 2000. Give g(-3).
-2
Let p(y) = 2*y**3 - 308*y**2 - 271*y - 6049. What is p(155)?
-4
Let k(a) = a**3 - 432*a**2 - 759*a + 512921. Give k(431).
31
Let l(n) = n**2 + 6*n - 77. Give l(9).
58
Let f(m) = m**2 + 189*m + 3965. Give f(-24).
5
Let o(m) = m**3 + 516*m**2 + 7436*m - 1201. Determine o(-15).
-16
Let r(m) = -18*m**2 - 7634*m + 38616. Calculate r(5).
-4
Let u(f) = f**3 - 24*f**2